 r(v) = 2460*v - 12286. Give r(5).
14
Let c(d) = -10*d**2 + 218*d - 943. Calculate c(5).
-103
Let o(p) = -3*p**3 - 779*p**2 + 251*p - 2332. What is o(-260)?
8
Let i(s) = -s**3 - 23*s**2 - 167*s + 94. Calculate i(-12).
514
Let v(k) = -k**2 - 2501*k - 374613. Determine v(-160).
-53
Let x(z) = z**3 - 18*z**2 + 359*z - 1304. Determine x(12).
2140
Let s(j) = -312*j - 1831. Give s(-7).
353
Let u(x) = -5*x**2 - 939*x + 15177. Determine u(15).
-33
Let r(x) = -7*x**2 - 601*x + 807. Calculate r(-87).
111
Let z(f) = 19*f**2 + 732*f + 102. What is z(-24)?
-6522
Let t(f) = -f**3 + 990*f**2 + 344800*f + 274. Determine t(-273).
1
Let f(t) = -6*t**2 - 26*t - 173. Calculate f(-12).
-725
Let i(n) = -93*n**3 - 744*n**2 + 463*n + 3649. Give i(-8).
-55
Let p(g) = 358*g**2 - 3*g - 48. What is p(0)?
-48
Let s(c) = -130348*c - 9385050. Give s(-72).
6
Let u(z) = z**3 - 129*z**2 + 493*z - 14492. Determine u(126).
-2
Let f(l) = 14175*l - 28416. Give f(2).
-66
Let g(z) = -z**2 - 103*z - 2953. Calculate g(-41).
-411
Let j(f) = 126*f + 11442. Give j(-88).
354
Let s(f) = 46*f**3 - 14861*f**2 + 902*f + 21652. Determine s(323).
11
Let m(r) = -212*r**3 - 55*r**2 - 38*r + 17. Give m(-1).
212
Let d(y) = y**3 + y**2 + 462*y - 4927. Determine d(9).
41
Let w(r) = -218*r - 6109. What is w(-22)?
-1313
Let x(w) = -49*w**3 - 25*w**2 - 30*w - 3. Determine x(-1).
51
Let i(c) = 15*c + 160. Give i(-7).
55
Let l(i) = -11720*i + 93762. Determine l(8).
2
Let l(z) = -398*z**3 - 380*z**2 + 4*z + 2. What is l(-1)?
16
Let o(a) = -33*a**2 - 368*a + 784. Calculate o(-13).
-9
Let m(f) = 1571*f + 284581. Determine m(-181).
230
Let j(w) = -1979*w - 848844. What is j(-429)?
147
Let i(o) = 6191*o - 92894. What is i(15)?
-29
Let m(s) = 11*s**2 + 364*s - 2174. Give m(-38).
-122
Let g(a) = -2*a**3 + 4*a**2 + 20*a - 35. What is g(6)?
-203
Let z(v) = v**2 - 1049*v - 22476. Determine z(-21).
-6
Let l(i) = -i**2 + 19839*i + 11234889. Give l(-551).
-1
Let o(v) = 198*v**2 + 35*v + 11. Calculate o(-1).
174
Let n(r) = -r**3 + 8*r**2 - 1735*r + 15717. Calculate n(9).
21
Let r(c) = 1769*c**2 - 38931*c + 269. What is r(22)?
-17
Let w(t) = t**3 + 37*t**2 + 380*t - 51. Calculate w(-20).
-851
Let a(n) = -2*n**2 + 1845*n + 26120. Calculate a(-14).
-102
Let g(m) = 2*m**3 - 309*m**2 + 3896*m + 531. What is g(14)?
-1
Let r(q) = 8*q**2 + 3300*q + 164490. Give r(-58).
2
Let f(u) = 5*u**3 - 841*u**2 + 12985*u + 166. Calculate f(151).
15
Let a(u) = 253*u - 72854. What is a(293)?
1275
Let k(z) = -64*z + 88. Give k(5).
-232
Let i(k) = 2*k**3 - 174*k**2 - 176*k - 63. Determine i(88).
-63
Let b(q) = 639*q + 18614. What is b(-29)?
83
Let p(v) = 230*v - 1562. What is p(7)?
48
Let i(g) = -7*g**3 + 513*g**2 - 187*g + 2989. What is i(73)?
-4
Let z(d) = 5271*d - 103942. What is z(20)?
1478
Let f(m) = -m**3 - 10*m**2 + 75*m + 489. What is f(-9)?
-267
Let c(j) = 2711*j + 235766. What is c(-87)?
-91
Let m(v) = 489*v**2 - 19065*v - 230. What is m(39)?
4
Let q(j) = 109*j - 5300. What is q(57)?
913
Let a(v) = 29*v**2 + 1926*v + 4494. Give a(-64).
14
Let q(j) = -21*j**2 + 12940*j - 2434. What is q(616)?
30
Let c(g) = 30*g**2 - 474*g - 2907. Determine c(-6).
1017
Let r(s) = -2*s**2 - 741*s + 24692. What is r(-401)?
231
Let x(i) = -i**3 - 38*i**2 - 347*i + 406. Give x(-18).
172
Let r(c) = -c**3 + 221*c**2 - 2775*c + 922. Determine r(13).
-1
Let u(i) = -187*i + 4607. What is u(25)?
-68
Let l(s) = -8*s**3 - 164*s**2 + 850*s + 8. Give l(5).
-842
Let v(d) = -d**3 + 13*d**2 - 38*d + 124. Calculate v(16).
-1252
Let f(a) = -25757*a - 33561361. Determine f(-1303).
10
Let p(w) = -w**3 + 237*w**2 + 1947*w + 3121. Calculate p(245).
-64
Let b(z) = 6*z**3 - z**2 - 25*z - 581. Give b(0).
-581
Let o(w) = 2*w**3 + 7*w**2 - 11855*w - 94808. Calculate o(-8).
-544
Let h(u) = -2*u**3 - 18*u**2 + 69*u + 602. What is h(-6)?
-28
Let o(p) = -8*p**3 + 2329*p**2 - 4912*p - 717. What is o(289)?
-428
Let t(d) = -3*d**3 + 132*d**2 + 14*d - 231. Determine t(44).
385
Let r(x) = 3*x**2 - 250*x + 912. What is r(92)?
3304
Let a(m) = -86*m**3 + 2672*m**2 - 183*m - 51. Determine a(31).
42
Let a(o) = -o**2 - 254*o - 15380. Give a(-95).
-275
Let c(d) = 733*d**3 - 729*d**2 - 7*d + 3. What is c(1)?
0
Let c(t) = -6851*t - 34824. What is c(-5)?
-569
Let r(j) = -8518*j + 16994. Give r(2).
-42
Let j(z) = -306*z - 1847. What is j(-6)?
-11
Let b(a) = 63679*a - 191035. What is b(3)?
2
Let f(l) = -2*l**2 + 93*l - 513. Give f(41).
-62
Let f(v) = 736515*v - 3682568. Give f(5).
7
Let n(j) = 12*j**2 + 1102*j + 4865. Give n(-87).
-181
Let q(b) = -b**2 - 89*b - 1616. Calculate q(-61).
92
Let q(t) = -4911*t - 122769. Determine q(-25).
6
Let h(y) = -2*y**2 + 190*y + 73052. What is h(243)?
1124
Let w(t) = -24*t**2 + 3886*t - 131100. Give w(114).
0
Let c(i) = 36068*i - 865509. Determine c(24).
123
Let p(t) = 22590*t + 361450. What is p(-16)?
10
Let w(d) = 66*d**2 + 679*d + 1591. Give w(-4).
-69
Let d(a) = 2800*a - 101022. Determine d(36).
-222
Let d(n) = n**3 + 150*n**2 - 10309*n - 11657. Give d(-201).
1
Let g(p) = 299*p - 27198. Determine g(91).
11
Let s(x) = 16*x**2 + 33*x - 55. Calculate s(2).
75
Let v(a) = -a**2 - 685*a - 12647. What is v(-19)?
7
Let w(h) = 5710*h + 28451. Give w(-5).
-99
Let y(k) = 5*k**3 - 197*k**2 - 327*k + 218. What is y(41)?
259
Let k(j) = 40*j**2 + 7402*j - 154626. What is k(-204)?
6
Let w(m) = m**3 + 50*m**2 + 59*m + 5076. Calculate w(-51).
-534
Let n(a) = -a**3 - 17*a**2 - 1208*a - 14972. Give n(-13).
56
Let d(i) = 83*i**3 + 476*i**2 + 407*i + 3. Determine d(-1).
-11
Let d(m) = -m**3 + 302*m**2 - 17*m - 85581. Give d(301).
-97
Let d(v) = v**3 - 392*v**2 - 5264*v - 393. Give d(405).
12
Let i(p) = -p**2 + 3209*p + 77579. Calculate i(-24).
-13
Let m(q) = 245*q - 88701. Calculate m(362).
-11
Let c(o) = 39*o**3 + 154*o**2 + 3331*o + 13357. Calculate c(-4).
1
Let o(y) = -11*y**2 + 53*y + 539. What is o(-6)?
-175
Let a(y) = 2232*y - 1476. Give a(1).
756
Let q(l) = -l**3 - 632*l**2 + 3192*l - 35. What is q(5)?
0
Let c(t) = -6*t**2 - 694*t + 1162. Calculate c(-117).
226
Let n(u) = 3*u**2 + 135*u + 2044. Calculate n(-16).
652
Let h(n) = -28320*n + 56633. Give h(2).
-7
Let k(s) = 3*s**2 - 26178*s - 13. Determine k(0).
-13
Let z(y) = 1351*y + 1356. Calculate z(-1).
5
Let i(p) = 933*p + 22828. What is i(-24)?
436
Let a(g) = 3078*g + 95347. Give a(-31).
-71
Let h(l) = -l**2 + 3010*l - 12024. Determine h(4).
0
Let m(t) = 3*t**2 - 17526*t - 4435971. Determine m(-243).
-6
Let i(b) = b**3 + 100*b**2 + 247*b + 14645. Calculate i(-99).
-7
Let t(r) = -r**3 - 26*r**2 + 85*r + 817. Calculate t(-28).
5
Let g(h) = 2*h**2 + 4202*h - 29500. Give g(7).
12
Let n(j) = 403*j + 97975. Calculate n(-244).
-357
Let n(f) = -3569*f - 3581. Give n(-1).
-12
Let o(v) = -v**2 - 36*v + 8143. Give o(73).
186
Let z(b) = 3*b**2 + 292*b - 3129. What is z(-106)?
-373
Let b(g) = 1293*g - 11579. Give b(9).
58
Let d(w) = -154887*w - 20. Give d(0).
-20
Let z(d) = -d**3 + 290*d**2 + 594*d + 32. What is z(-2)?
12
Let d(w) = -w**3 - 9*w**2 - 1194*w - 10742. Calculate d(-9).
4
Let c(g) = g**3 + 27*g**2 - 280*g - 36. What is c(8)?
-36
Let c(f) = f**3 - 132*f**2 - 1852*f - 4732. Give c(145).
53
Let m(f) = 2643*f - 12769. Calculate m(5).
446
Let i(k) = -k**3 + 25*k**2 + 2699*k - 60837. Determine i(22).
-7
Let g(w) = 200*w**2 - 444*w + 13. What is g(4)?
1437
Let g(h) = h**3 - 251*h**2 - 754*h + 35. Determine g(-3).
11
Let p(a) = -a + 42. Determine p(28).
14
Let y(c) = 828*c + 74501. Determine y(-90).
-19
Let n(i) = 235*i + 18072. What is n(-69)?
1857
Let f(i) = -116*i + 9468. Calculate f(80).
188
Let u(g) = g**3 - 45*g**2 - 161*g + 2007. Give u(0).
2007
Let m(b) = b**3 - 3*b**2 - 466*b - 904. What is m(24)?
8
Let h(t) = 36*t**2 + 216*t - 2051. What is h(9)?
2809
Let f(l) = -l**3 + 25*l**2 + 48*l + 3247. Determine f(31).
-1031
Let t(m) = -231*m**2 + 2544*m - 9. What is t(11)?
24
Let r(s) = 3*s**2 + 897*s - 17117. Determine r(18).
1
Let k(g) = g**3 - 38*g**2 - 182*g + 350. Calculate k(42).
-238
Let v(b) = -8215*b - 32932. What is v(-4)?
-72
Let u(j) = -27*j**3 - 188*j**2 + 54*j + 457. What is u(-7)?
128
Let u(p) = 36*p**2 + 291*p - 22. Give u(-11).
1133
Let v(q) = -3*q**3 + 565*q**2 - 1086*q - 68. Calculate v(2).
-4
Let r(x) = -x**3 + 127*x**2 - 1628*x + 66757. What is r(118)?
-31
Let k(i) = -112145*i - 897183. Determine k(-8).
-